or of 28860469 and 2530?
253
What is the highest common factor of 1468444022 and 62?
62
Calculate the highest common divisor of 2423295 and 112161.
1029
Calculate the greatest common factor of 2255916881 and 34.
17
Calculate the greatest common factor of 9452086 and 3472.
434
Calculate the highest common factor of 741 and 284037.
39
Calculate the highest common divisor of 24125036 and 117.
13
What is the greatest common divisor of 151161387 and 117?
39
Calculate the greatest common divisor of 7643242 and 322594.
3194
Calculate the highest common divisor of 31719 and 654.
327
Calculate the highest common factor of 282139746 and 294.
294
What is the highest common factor of 7843088 and 272?
16
Calculate the highest common divisor of 125 and 6311375.
125
What is the greatest common divisor of 550 and 771705?
55
Calculate the highest common divisor of 7748 and 26147414.
298
What is the highest common divisor of 14516804 and 2728?
124
What is the highest common factor of 9648 and 2365344?
144
Calculate the highest common factor of 52497 and 2185533.
2763
Calculate the highest common factor of 598380 and 3130.
10
Calculate the greatest common factor of 36 and 1393694982.
18
What is the highest common divisor of 8568 and 1678296?
24
Calculate the greatest common divisor of 1694 and 119636.
22
What is the greatest common factor of 2602 and 453360771?
1301
Calculate the highest common divisor of 30704 and 109136.
304
What is the highest common factor of 23524 and 164?
4
Calculate the greatest common factor of 1769798219 and 2791.
2791
Calculate the highest common divisor of 32641 and 104754295.
4663
What is the highest common divisor of 470873 and 1235?
13
What is the highest common factor of 6298264 and 42336?
392
Calculate the highest common factor of 3508165 and 820.
205
Calculate the greatest common factor of 2176 and 266374.
2
What is the highest common divisor of 1650 and 34550175?
825
What is the highest common divisor of 3954 and 7038120?
3954
Calculate the greatest common divisor of 20421 and 549635753.
2269
What is the greatest common divisor of 14700 and 1257375?
525
Calculate the greatest common factor of 7452 and 31446144.
324
What is the highest common factor of 51620 and 4111533?
2581
What is the greatest common factor of 54 and 1118151?
27
Calculate the greatest common factor of 124 and 286428.
4
Calculate the highest common factor of 309581 and 9531.
353
What is the greatest common divisor of 450 and 47271978?
18
What is the greatest common factor of 151472 and 30?
2
Calculate the highest common divisor of 157 and 1261491.
1
Calculate the highest common divisor of 12220 and 1986361.
611
What is the highest common divisor of 156791 and 66079?
391
Calculate the highest common divisor of 206378 and 222671.
5431
Calculate the greatest common factor of 4150 and 343650.
50
What is the highest common divisor of 161904 and 35760?
48
What is the highest common factor of 18 and 16704326?
2
Calculate the highest common factor of 15419926 and 212.
106
Calculate the greatest common divisor of 270 and 399700.
10
What is the greatest common divisor of 219168 and 387?
9
Calculate the highest common divisor of 1343247 and 9.
3
What is the greatest common factor of 30368 and 5202418?
1898
Calculate the highest common divisor of 3288 and 149813199.
411
Calculate the greatest common factor of 2690907 and 34368.
537
What is the greatest common divisor of 3945 and 63042415?
1315
What is the highest common divisor of 2499 and 11747?
17
Calculate the greatest common divisor of 240 and 81269840.
80
What is the greatest common factor of 1750 and 47525?
25
What is the greatest common factor of 24986 and 3740646?
806
What is the greatest common divisor of 28018991 and 2024?
253
Calculate the greatest common divisor of 12171719 and 9369.
347
What is the highest common factor of 9936 and 2985552?
432
What is the highest common factor of 38348950 and 97?
97
What is the highest common factor of 2020681372 and 232?
116
Calculate the highest common factor of 358957244 and 17.
17
What is the highest common factor of 3657870 and 1552?
194
What is the highest common factor of 40 and 26265030?
10
Calculate the highest common divisor of 18109 and 596131564.
1393
Calculate the highest common factor of 280456567 and 141.
47
What is the highest common factor of 120813 and 186041037?
10983
What is the highest common divisor of 4871712 and 1128?
24
Calculate the greatest common divisor of 103530 and 126990.
510
Calculate the greatest common divisor of 11705853 and 3.
3
Calculate the greatest common divisor of 24072 and 3818880.
408
What is the greatest common divisor of 658 and 67556531?
329
What is the highest common factor of 1638520 and 104?
104
What is the greatest common factor of 2856219 and 69?
3
What is the greatest common factor of 206 and 512386478?
206
Calculate the greatest common factor of 34827 and 1396044.
741
What is the greatest common factor of 22934054 and 1001?
143
Calculate the highest common factor of 56715 and 24477.
597
Calculate the greatest common factor of 453 and 79686777.
453
What is the highest common divisor of 17016188 and 28?
28
Calculate the greatest common factor of 44952762 and 186.
6
Calculate the greatest common divisor of 74664 and 279282888.
4392
Calculate the highest common factor of 3712541 and 546.
7
What is the highest common factor of 1880 and 59278280?
1880
What is the greatest common divisor of 5211 and 134223?
3
What is the highest common factor of 13908424 and 324?
4
What is the greatest common divisor of 18415 and 34947860?
635
Calculate the highest common factor of 42 and 91967953.
7
Calculate the greatest common factor of 6413440 and 6248.
88
What is the greatest common divisor of 379434486 and 7284?
3642
What is the greatest common divisor of 1 and 4425979?
1
What is the greatest common factor of 2588 and 9186?
2
Calculate the greatest common divisor of 212 and 189137708.
212
What is the greatest common factor of 213692710 and 5730?
1910
What is the greatest common divisor of 565040268 and 52?
52
Calculate the highest common factor of 827513 and 45937.
647
Calculate the highest common divisor of 9723 and 7554.
3
What is the greatest common factor of 138 and 9203289?
69
What is the highest common divisor of 122483870 and 5420?
2710
Calculate the greatest common divisor of 10797990 and 182.
14
What is the highest common factor of 606 and 847302?
6
What is the greatest common divisor of 400558 and 38844?
166
Calculate the greatest common divisor of 16011 and 35149482.
5337
What is the greatest common divisor of 97 and 42784663?
97
What is the highest common factor of 221277 and 2291121?
861
Calculate the highest common divisor of 443946 and 24978.
138
What is the highest common factor of 28737684 and 2448?
612
Calculate the highest common divisor of 1344914 and 5486.
422
Calculate the greatest common divisor of 2177666 and 20672.
646
What is the highest common divisor of 18902 and 960622?
26
Calculate the highest common factor of 972 and 11139420.
12
Calculate the highest common factor of 13194 and 13248.
18
Calculate the greatest common divisor of 6884449 and 32613.
1553
What is the highest common divisor of 348 and 13952184?
12
Calculate the highest common factor of 6713320 and 2355.
785
What is the highest common divisor of 31958 and 3580978?
1682
What is the highest common divisor of 7055 and 1400625?
415
What is the highest common divisor of 391 and 3168503?
23
Calculate the greatest common factor of 324587 and 169.
1
What is the greatest common divisor of 1381589 and 23430?
781
What is the highest common divisor of 7344 and 669857256?
3672
What is the greatest common factor of 40612792 and 47322?
5258
Calculate the greatest common factor of 9253953 and 67284.
2403
What is the greatest common factor of 37210572 and 396?
36
What is the greatest common factor of 702406 and 1314?
146
What is the greatest common factor of 75110954 and 62?
62
Calculate the greatest common divisor of 25776556 and 481.
13
Calculate the greatest common divisor of 3218961703 and 19.
19
What is the highest common divisor of 597113 and 1917157?
209
What is the greatest common factor of 21064608 and 864?
288
What is the greatest common factor of 41